{"id":1382,"date":"2017-05-25T15:04:41","date_gmt":"2017-05-25T15:04:41","guid":{"rendered":"http:\/\/nacionrolera.org\/?page_id=1382"},"modified":"2017-05-25T15:27:14","modified_gmt":"2017-05-25T15:27:14","slug":"aviso-legal","status":"publish","type":"page","link":"https:\/\/nacionrolera.org\/index.php\/aviso-legal\/","title":{"rendered":"Aviso legal"},"content":{"rendered":"[vc_row][vc_column][vc_column_text]ATELIER 5080<\/p>\n<p>CIF 47628116-S<br \/>\nC\/ Holanda 13-15, bxs, local B<br \/>\nAmposta, Tarragona\u00a043870<br \/>\ntel.:\u00a0977 70 11 20<\/p>\n<p>Mediante este aviso, NACI\u00d3N ROLERA\u00a0 (en adelante\u00a0NR), domiciliada en C\/ Holanda 13-15, bxs, local B Amposta, Tarragona\u00a043870 y con CIF 47628116-S, informa a los usuarios de www.nacionrolera.org acerca de su pol\u00edtica de protecci\u00f3n de datos de car\u00e1cter personal, con el fin de que los usuarios de la mencionada web decidan libre y voluntariamente si desean facilitar a NR\u00a0los datos personales que se les pueda requerir.<\/p>\n<p>NR\u00a0es una sociedad plenamente concienciada con el tratamiento de los datos personales, y las responsabilidades que ello conlleva, raz\u00f3n por la que el uso que har\u00e1 en todo momento de los datos personales ser\u00e1 l\u00edcito y consentido en todo momento por el usuario.<\/p>\n<p>De acuerdo con la normativa vigente en materia de protecci\u00f3n de datos as\u00ed como en materia de servicios de la sociedad de la informaci\u00f3n y de comercio electr\u00f3nico, el usuario acepta que los datos personales aportados en el momento de su registro a NR\u00a0sean incorporados a ficheros titularidad de esta empresa, con la finalidad de facilitar la prestaci\u00f3n de los servicios solicitados as\u00ed como para mantenerle informado, bien por correo electr\u00f3nico bien por cualquier otro medio, de novedades, productos y servicios relacionados con nuestra empresa.<\/p>\n<p>NR\u00a0se compromete al cumplimiento de su obligaci\u00f3n de secreto de los datos de car\u00e1cter personal y de su deber de tratarlos con confidencialidad, y asume, a estos efectos, las medidas de \u00edndole t\u00e9cnica, organizativa y de seguridad necesarias para evitar su alteraci\u00f3n, p\u00e9rdida, tratamiento o acceso no autorizado, de acuerdo con lo establecido en la Ley Org\u00e1nica 15\/1999 de 13 de diciembre, de Protecci\u00f3n de Datos de Car\u00e1cter Personal, y dem\u00e1s legislaci\u00f3n aplicable.<\/p>\n<p>El usuario responder\u00e1, en cualquier caso, de la veracidad de los datos facilitados, reserv\u00e1ndose NR\u00a0el derecho a excluir de los servicios registrados a todo usuario que haya facilitado datos falsos, sin perjuicio de las dem\u00e1s acciones que procedan en Derecho.<\/p>\n<p>Cualquier usuario registrado puede en cualquier momento ejercer el derecho a acceder, rectificar y, en su caso, cancelar sus datos de car\u00e1cter personal suministrados, mediante petici\u00f3n escrita dirigida a NR, C\/ Holanda 13-15, bxs, local B Amposta, Tarragona\u00a043870 o bien al email <a href=\"mailto:contacto@nacionrolera.org\">contacto@nacionrolera.org<\/a><\/p>\n<p>NR\u00a0se reserva el derecho a modificar la presente pol\u00edtica de protecci\u00f3n de datos personales para adaptarla a las novedades legislativas. En dicho supuesto, NR\u00a0anunciar\u00e1 en esta p\u00e1gina los cambios introducidos con la mayor antelaci\u00f3n posible.[\/vc_column_text][\/vc_column][\/vc_row]\n","protected":false},"excerpt":{"rendered":"<p>[vc_row][vc_column][vc_column_text]ATELIER 5080 CIF 47628116-S C\/ Holanda 13-15, bxs, local B Amposta, Tarragona\u00a043870 tel.:\u00a0977 70 11 20 Mediante este aviso, NACI\u00d3N ROLERA\u00a0 (en adelante\u00a0NR), domiciliada en C\/ Holanda 13-15, bxs, local B Amposta, Tarragona\u00a043870 y con CIF 47628116-S, informa a los usuarios de www.nacionrolera.org acerca de su pol\u00edtica de protecci\u00f3n de datos de car\u00e1cter personal, con [&hellip;]<\/p>\n","protected":false},"author":1,"featured_media":0,"parent":0,"menu_order":0,"comment_status":"closed","ping_status":"closed","template":"","meta":{"_monsterinsights_skip_tracking":false,"_monsterinsights_sitenote_active":false,"_monsterinsights_sitenote_note":"","_monsterinsights_sitenote_category":0},"yoast_head":"<!-- This site is optimized with the Yoast SEO plugin v18.9 - https:\/\/yoast.com\/wordpress\/plugins\/seo\/ -->\n<title>Aviso legal - Naci\u00f3n Rolera<\/title>\n<meta name=\"robots\" content=\"index, follow, max-snippet:-1, max-image-preview:large, max-video-preview:-1\" \/>\n<link rel=\"canonical\" href=\"https:\/\/nacionrolera.org\/index.php\/aviso-legal\/\" \/>\n<meta property=\"og:locale\" content=\"es_ES\" \/>\n<meta property=\"og:type\" content=\"article\" \/>\n<meta property=\"og:title\" content=\"Aviso legal - Naci\u00f3n Rolera\" \/>\n<meta property=\"og:description\" content=\"[vc_row][vc_column][vc_column_text]ATELIER 5080 CIF 47628116-S C\/ Holanda 13-15, bxs, local B Amposta, Tarragona\u00a043870 tel.:\u00a0977 70 11 20 Mediante este aviso, NACI\u00d3N ROLERA\u00a0 (en adelante\u00a0NR), domiciliada en C\/ Holanda 13-15, bxs, local B Amposta, Tarragona\u00a043870 y con CIF 47628116-S, informa a los usuarios de www.nacionrolera.org acerca de su pol\u00edtica de protecci\u00f3n de datos de car\u00e1cter personal, con [&hellip;]\" \/>\n<meta property=\"og:url\" content=\"https:\/\/nacionrolera.org\/index.php\/aviso-legal\/\" \/>\n<meta property=\"og:site_name\" content=\"Naci\u00f3n Rolera\" \/>\n<meta property=\"article:publisher\" content=\"https:\/\/www.facebook.com\/NacionRolera\/\" \/>\n<meta property=\"article:modified_time\" content=\"2017-05-25T15:27:14+00:00\" \/>\n<meta name=\"twitter:card\" content=\"summary\" \/>\n<meta name=\"twitter:site\" content=\"@NacionRolera\" \/>\n<meta name=\"twitter:label1\" content=\"Tiempo de lectura\" \/>\n\t<meta name=\"twitter:data1\" content=\"2 minutos\" \/>\n<script type=\"application\/ld+json\" class=\"yoast-schema-graph\">{\"@context\":\"https:\/\/schema.org\",\"@graph\":[{\"@type\":\"Organization\",\"@id\":\"https:\/\/nacionrolera.org\/#organization\",\"name\":\"Naci\u00f3n Rolera\",\"url\":\"https:\/\/nacionrolera.org\/\",\"sameAs\":[\"https:\/\/www.facebook.com\/NacionRolera\/\",\"https:\/\/twitter.com\/NacionRolera\"],\"logo\":{\"@type\":\"ImageObject\",\"inLanguage\":\"es\",\"@id\":\"https:\/\/nacionrolera.org\/#\/schema\/logo\/image\/\",\"url\":\"https:\/\/nacionrolera.org\/wp-content\/uploads\/2017\/05\/nr2_peque.jpg\",\"contentUrl\":\"https:\/\/nacionrolera.org\/wp-content\/uploads\/2017\/05\/nr2_peque.jpg\",\"width\":300,\"height\":294,\"caption\":\"Naci\u00f3n Rolera\"},\"image\":{\"@id\":\"https:\/\/nacionrolera.org\/#\/schema\/logo\/image\/\"}},{\"@type\":\"WebSite\",\"@id\":\"https:\/\/nacionrolera.org\/#website\",\"url\":\"https:\/\/nacionrolera.org\/\",\"name\":\"Naci\u00f3n Rolera\",\"description\":\"Una web de roleros para roleros\",\"publisher\":{\"@id\":\"https:\/\/nacionrolera.org\/#organization\"},\"potentialAction\":[{\"@type\":\"SearchAction\",\"target\":{\"@type\":\"EntryPoint\",\"urlTemplate\":\"https:\/\/nacionrolera.org\/?s={search_term_string}\"},\"query-input\":\"required name=search_term_string\"}],\"inLanguage\":\"es\"},{\"@type\":\"WebPage\",\"@id\":\"https:\/\/nacionrolera.org\/index.php\/aviso-legal\/#webpage\",\"url\":\"https:\/\/nacionrolera.org\/index.php\/aviso-legal\/\",\"name\":\"Aviso legal - Naci\u00f3n Rolera\",\"isPartOf\":{\"@id\":\"https:\/\/nacionrolera.org\/#website\"},\"datePublished\":\"2017-05-25T15:04:41+00:00\",\"dateModified\":\"2017-05-25T15:27:14+00:00\",\"breadcrumb\":{\"@id\":\"https:\/\/nacionrolera.org\/index.php\/aviso-legal\/#breadcrumb\"},\"inLanguage\":\"es\",\"potentialAction\":[{\"@type\":\"ReadAction\",\"target\":[\"https:\/\/nacionrolera.org\/index.php\/aviso-legal\/\"]}]},{\"@type\":\"BreadcrumbList\",\"@id\":\"https:\/\/nacionrolera.org\/index.php\/aviso-legal\/#breadcrumb\",\"itemListElement\":[{\"@type\":\"ListItem\",\"position\":1,\"name\":\"Portada\",\"item\":\"https:\/\/nacionrolera.org\/\"},{\"@type\":\"ListItem\",\"position\":2,\"name\":\"Aviso legal\"}]}]}<\/script>\n<!-- \/ Yoast SEO plugin. -->","yoast_head_json":{"title":"Aviso legal - Naci\u00f3n Rolera","robots":{"index":"index","follow":"follow","max-snippet":"max-snippet:-1","max-image-preview":"max-image-preview:large","max-video-preview":"max-video-preview:-1"},"canonical":"https:\/\/nacionrolera.org\/index.php\/aviso-legal\/","og_locale":"es_ES","og_type":"article","og_title":"Aviso legal - Naci\u00f3n Rolera","og_description":"[vc_row][vc_column][vc_column_text]ATELIER 5080 CIF 47628116-S C\/ Holanda 13-15, bxs, local B Amposta, Tarragona\u00a043870 tel.:\u00a0977 70 11 20 Mediante este aviso, NACI\u00d3N ROLERA\u00a0 (en adelante\u00a0NR), domiciliada en C\/ Holanda 13-15, bxs, local B Amposta, Tarragona\u00a043870 y con CIF 47628116-S, informa a los usuarios de www.nacionrolera.org acerca de su pol\u00edtica de protecci\u00f3n de datos de car\u00e1cter personal, con [&hellip;]","og_url":"https:\/\/nacionrolera.org\/index.php\/aviso-legal\/","og_site_name":"Naci\u00f3n Rolera","article_publisher":"https:\/\/www.facebook.com\/NacionRolera\/","article_modified_time":"2017-05-25T15:27:14+00:00","twitter_card":"summary","twitter_site":"@NacionRolera","twitter_misc":{"Tiempo de lectura":"2 minutos"},"schema":{"@context":"https:\/\/schema.org","@graph":[{"@type":"Organization","@id":"https:\/\/nacionrolera.org\/#organization","name":"Naci\u00f3n Rolera","url":"https:\/\/nacionrolera.org\/","sameAs":["https:\/\/www.facebook.com\/NacionRolera\/","https:\/\/twitter.com\/NacionRolera"],"logo":{"@type":"ImageObject","inLanguage":"es","@id":"https:\/\/nacionrolera.org\/#\/schema\/logo\/image\/","url":"https:\/\/nacionrolera.org\/wp-content\/uploads\/2017\/05\/nr2_peque.jpg","contentUrl":"https:\/\/nacionrolera.org\/wp-content\/uploads\/2017\/05\/nr2_peque.jpg","width":300,"height":294,"caption":"Naci\u00f3n Rolera"},"image":{"@id":"https:\/\/nacionrolera.org\/#\/schema\/logo\/image\/"}},{"@type":"WebSite","@id":"https:\/\/nacionrolera.org\/#website","url":"https:\/\/nacionrolera.org\/","name":"Naci\u00f3n Rolera","description":"Una web de roleros para roleros","publisher":{"@id":"https:\/\/nacionrolera.org\/#organization"},"potentialAction":[{"@type":"SearchAction","target":{"@type":"EntryPoint","urlTemplate":"https:\/\/nacionrolera.org\/?s={search_term_string}"},"query-input":"required name=search_term_string"}],"inLanguage":"es"},{"@type":"WebPage","@id":"https:\/\/nacionrolera.org\/index.php\/aviso-legal\/#webpage","url":"https:\/\/nacionrolera.org\/index.php\/aviso-legal\/","name":"Aviso legal - Naci\u00f3n Rolera","isPartOf":{"@id":"https:\/\/nacionrolera.org\/#website"},"datePublished":"2017-05-25T15:04:41+00:00","dateModified":"2017-05-25T15:27:14+00:00","breadcrumb":{"@id":"https:\/\/nacionrolera.org\/index.php\/aviso-legal\/#breadcrumb"},"inLanguage":"es","potentialAction":[{"@type":"ReadAction","target":["https:\/\/nacionrolera.org\/index.php\/aviso-legal\/"]}]},{"@type":"BreadcrumbList","@id":"https:\/\/nacionrolera.org\/index.php\/aviso-legal\/#breadcrumb","itemListElement":[{"@type":"ListItem","position":1,"name":"Portada","item":"https:\/\/nacionrolera.org\/"},{"@type":"ListItem","position":2,"name":"Aviso legal"}]}]}},"_links":{"self":[{"href":"https:\/\/nacionrolera.org\/index.php\/wp-json\/wp\/v2\/pages\/1382"}],"collection":[{"href":"https:\/\/nacionrolera.org\/index.php\/wp-json\/wp\/v2\/pages"}],"about":[{"href":"https:\/\/nacionrolera.org\/index.php\/wp-json\/wp\/v2\/types\/page"}],"author":[{"embeddable":true,"href":"https:\/\/nacionrolera.org\/index.php\/wp-json\/wp\/v2\/users\/1"}],"replies":[{"embeddable":true,"href":"https:\/\/nacionrolera.org\/index.php\/wp-json\/wp\/v2\/comments?post=1382"}],"version-history":[{"count":3,"href":"https:\/\/nacionrolera.org\/index.php\/wp-json\/wp\/v2\/pages\/1382\/revisions"}],"predecessor-version":[{"id":1391,"href":"https:\/\/nacionrolera.org\/index.php\/wp-json\/wp\/v2\/pages\/1382\/revisions\/1391"}],"wp:attachment":[{"href":"https:\/\/nacionrolera.org\/index.php\/wp-json\/wp\/v2\/media?parent=1382"}],"curies":[{"name":"wp","href":"https:\/\/api.w.org\/{rel}","templated":true}]}}